e -19 = -15*y + 71. What is the remainder when y is divided by 1?
0
Let u(h) = -31*h**3 + h**2 - h - 1. Let x = -8 - -7. What is the remainder when u(x) is divided by 11?
10
Suppose -26 = -96*n + 94*n. Let u(g) = 2*g**3 - 4*g**2 - 4*g + 1. Calculate the remainder when u(4) is divided by n.
10
Suppose -2*b + 928 = 6*m, m = 6*m + 3*b - 772. Calculate the remainder when m is divided by 79.
76
Calculate the remainder when (-3)/(-9) - (5 + (-4892)/12) is divided by 45.
43
Let u = 107 + -102. Suppose 5*s - 1155 = 5*k, u*k + 0*k = 3*s - 703. Calculate the remainder when s is divided by 57.
55
Let b(r) = -125*r + 98. Calculate the remainder when b(-6) is divided by 34.
32
Suppose 5*g - 79 - 31 = 0. Let x be (-12)/(-66) - (-18)/g. Suppose -o = -5 - x. Calculate the remainder when 21 is divided by o.
3
Let p(f) be the first derivative of f**3 + 3*f**2/2 + 8*f + 38. Calculate the remainder when 92 is divided by p(-3).
14
Let f be (-5)/(15/6)*6. Let l be 3 - f/(-3) - -5. Suppose -l*z - 2*q = -5*q - 44, 4*z - 2*q = 48. What is the remainder when 26 is divided by z?
12
Let l(t) = -14*t + 22. Let k be l(-2). What is the remainder when 405 is divided by (-34)/(-20)*k/20*4?
14
Let x(k) = 8*k**2 + 10*k + 11. What is the remainder when 324 is divided by x(-1)?
0
Suppose u + 145 = h, -u + 530 = 3*h + 87. Suppose 4*w + 81 = 2*w + 5*i, -5*i - h = 4*w. Let l = w - -84. What is the remainder when l is divided by 16?
14
Suppose 5*f - 879 = 2*y, -22*y + 12 = -18*y. What is the remainder when f is divided by 93?
84
Let h(c) = c**3 - 8*c**2 - 5*c - 13. Suppose -162 = -4*u - 2*f, 2*f + 250 = 5*u + 34. What is the remainder when u is divided by h(9)?
19
Let o = 491 + 552. Let y be o/35 - (-2)/10. Let a = -5 + y. Calculate the remainder when 72 is divided by a.
22
Suppose -5056*l + 5048*l + 1864 = 0. What is the remainder when l is divided by 35?
23
Suppose m = -o + 53, 2*o + 12 = 3*m - 137. Calculate the remainder when 163 is divided by m.
10
Let a(n) = n**3 - 7*n**2 + 3. Let i be a(7). Let s be -2 + -1 + -6 + 13. Suppose 2*j = -i*d + 1 + 5, d = s*j + 16. What is the remainder when d is divided by 2?
0
Let n = -3 + 6. Suppose 4*m - 4 = n*m. Suppose -m*s = -4*c - 56, c + 74 = 5*s - 0*c. What is the remainder when 57 is divided by s?
12
Let r(p) be the first derivative of 0*p - 4 - 1/2*p**2. Calculate the remainder when 2 is divided by r(-1).
0
Let h(z) = z**2 + 11*z - 6. Let d be h(-12). Suppose -37 = -d*c - 13. What is the remainder when 15 is divided by c?
3
Let r = 5 - -10. Let m = -28 + 33. Suppose -41 = -m*s - 1. Calculate the remainder when r is divided by s.
7
Let p(a) = a**2 - 3*a + 12. What is the remainder when (-1 + (-20)/(-3))*6 is divided by p(0)?
10
Suppose 0 = -0*k + 3*k. Let m be 1/1*-6*2/(-3). Suppose k = 5*y - m - 6. Calculate the remainder when y is divided by 1.
0
Suppose -142 = -2*j + 5*w, j + 2*j + w = 179. Calculate the remainder when 166 is divided by j.
44
Let i = 175 - 146. Calculate the remainder when 134 is divided by i.
18
Let m = 1 - 1. Let f(h) = -h**3 - 14*h**2 - 48*h + 21. Let q be f(-9). Suppose -6*n + 3*n + q = m. Calculate the remainder when 62 is divided by n.
14
Let d(o) = 5*o - 4. Suppose -2*g - 4*s = -54, 0 = -4*g - 15*s + 18*s + 64. What is the remainder when g is divided by d(3)?
8
Suppose 4 = p, 0 = -6*h + h - 4*p + 81. Calculate the remainder when 38 is divided by h.
12
Suppose 0*r - r = 23. Let y = -11 - r. What is the remainder when 20 is divided by y?
8
Calculate the remainder when 5*(30/(-285) + (-32691)/(-285)) is divided by 36.
33
Let c be (88/10)/((-3)/(-15)). Let z = 85 - c. Calculate the remainder when z is divided by -2 - ((-80)/600 - (-193)/(-15)).
8
Let r = 21 + -18. Suppose -3*s - 4*a + 42 = -a, -5*s = -4*a - 88. Suppose g + 6 = s. What is the remainder when g is divided by r?
1
Let s = -6 + 31. Let q = -161 + 235. What is the remainder when q is divided by s?
24
Let r = -341 + 483. Let b = 363 - 327. What is the remainder when r is divided by b?
34
Let a(d) = -d**3 + 11*d**2 + 4*d + 20. Let r be a(11). Let i = 55 + r. Calculate the remainder when i is divided by 24.
23
Let l = -1152 + 1212. Calculate the remainder when 775 is divided by l.
55
Let s = 14 - 11. Let d = -89 + 90. What is the remainder when d is divided by -2 + (-6 + s - -6)?
0
Let u(l) = 5*l - 8. Let y be u(2). Calculate the remainder when 595/45 + y/9*-1 is divided by 2.
1
Let b = -1516 - -1764. What is the remainder when b is divided by 50?
48
Let p(i) be the third derivative of i**6/120 + i**4/8 + 13*i**3/6 - 15*i**2. Calculate the remainder when 23 is divided by p(0).
10
Let a(m) = 9*m**2 + 60*m - 4. What is the remainder when 99 is divided by a(-7)?
14
Suppose -7 = -i + 28. What is the remainder when 384 is divided by i?
34
Suppose -2*w = t + 35, 4*w + t + 3*t = -76. Let i = 21 + w. Suppose 0*p = -3*p + 21. What is the remainder when p is divided by i?
2
Let z = 411 - 354. What is the remainder when z is divided by ((-8)/10)/((-2)/75)?
27
Calculate the remainder when 11455/237 - 5/(-3) is divided by 21.
8
Let z(b) = b**3 - 18*b**2 + 20*b - 9. Let h be z(17). Suppose 0 = 2*f - 12 + 62. Let k = f + h. Calculate the remainder when 33 is divided by k.
16
Let r be -166 - (0/(-4) + -3). Let o = -95 + r. What is the remainder when (-2)/(-4) - o/12 is divided by 8?
6
Suppose 5 = 2*v - n - 11, -v = 3*n + 6. What is the remainder when 33 is divided by 11 + ((-8)/(-4) - v)?
5
Suppose 134*l - 129*l = 240. Calculate the remainder when 716 is divided by l.
44
Suppose -2*j - i = -36, -2*j + 42 = -5*i + 6. Let l = 428 + -322. What is the remainder when l is divided by j?
16
Let c = -823 - -1231. Suppose -c = 12*b - 16*b. Let p(j) = j**2 - 8*j + 1. Calculate the remainder when b is divided by p(10).
18
Let w = 111 - 71. Suppose 7*i - 2*i - w = 0. Suppose 4*a - 54 = -2*u, -3*u - 35 - 16 = -5*a. Calculate the remainder when a is divided by i.
4
Let l(f) = -f**3 + 5*f**2 - f. Let p be (-3 + (-8 - -3))/(-2). Let m be l(p). Let o = m + -3. Calculate the remainder when 33 is divided by o.
6
What is the remainder when (539/3)/7 + 1/3 is divided by 22?
4
Let v be (-51)/(-12) - (-2)/(-8). Suppose -39 = -3*m - 3. Calculate the remainder when (102/v)/(45/60) is divided by m.
10
Suppose 2*u = 2*r - 7*r + 18, r - 5 = u. Suppose 0 = -r*c + 39 + 1. Let w(d) = 3*d**2 + 7*d - 2. What is the remainder when w(-5) is divided by c?
8
Suppose -4*v - v = 2*m - 119, -2*v = -2*m + 154. Calculate the remainder when (-1 - -4 - 6)/((-4)/m) is divided by 19.
16
Suppose 4 = -2*s, 5*h + 229 = 6*h - 2*s. What is the remainder when h is divided by 38?
35
Let n = -1370 - -1425. Calculate the remainder when 986 is divided by n.
51
Suppose -6*r + 2*w - 1788 = -10*r, 3*r = w + 1336. Calculate the remainder when r is divided by 14.
12
Let i(w) be the first derivative of 3*w**3 + w**2 - 6*w + 19. Calculate the remainder when i(-3) is divided by 24.
21
Suppose l + 0*l - 7 = 0. Let p(w) = -2*w**2 - 3*w - 3. Let d be p(-2). Let r = l - d. What is the remainder when r is divided by 5?
2
Let c = -89 - -13. Let k be (c/8)/((-4)/8). Calculate the remainder when 39 is divided by (-9 - -9) + (k - -1).
19
Let z(n) = n**2 - 17*n + 764. Calculate the remainder when z(0) is divided by 64.
60
Suppose -j - 10 = -11. Calculate the remainder when 12 is divided by j.
0
What is the remainder when (-101586)/(-42) - ((-8)/14)/2 is divided by 14?
11
Calculate the remainder when 136 is divided by (169 - 1)*(-122)/(-366).
24
What is the remainder when 44 is divided by ((-9)/12)/(17/(-68))?
2
Suppose -7 = -3*y + k, -8*k + 3*k - 23 = -3*y. Calculate the remainder when (-26*y)/((-6)/12) is divided by 18.
16
Let i(a) = a**3 - 2*a**2 - 14*a + 12. Let c = 9 - 3. What is the remainder when i(c) is divided by 19?
15
Let g = 64 + -65. Let b(w) = -65*w**3 - 2*w**2 + w + 2. Calculate the remainder when b(g) is divided by 11.
9
Suppose 3*w - 362 = 5*y, -2*y - 121 = -w - 0. What is the remainder when w is divided by 62?
57
Let t = 349 - 204. Suppose -3*h - 130 + t = 0. Calculate the remainder when 13 is divided by h.
3
Let z(a) = -a**2 + 51*a - 56. What is the remainder when z(49) is divided by 16?
10
What is the remainder when 477 is divided by (-16)/12 + (-390)/(-9) + -2?
37
Calculate the remainder when 2181 is divided by 94 - (-21)